 is the remainder when 33782514 is divided by 102?
12
Calculate the remainder when 2006510 is divided by 2006459.
51
Calculate the remainder when 75479 is divided by 311.
217
What is the remainder when 345267 is divided by 92?
83
Calculate the remainder when 6174794 is divided by 21.
17
Calculate the remainder when 2206935 is divided by 312.
159
Calculate the remainder when 704545 is divided by 3371.
6
What is the remainder when 5255426 is divided by 2281?
2
What is the remainder when 1221241 is divided by 2957?
0
Calculate the remainder when 2150200 is divided by 1286.
8
What is the remainder when 2382 is divided by 461?
77
Calculate the remainder when 41483895 is divided by 5072.
7
What is the remainder when 975898 is divided by 197?
157
What is the remainder when 70842 is divided by 2224?
1898
What is the remainder when 2645894 is divided by 391?
388
What is the remainder when 1224629 is divided by 2668?
17
What is the remainder when 177973 is divided by 5146?
3009
Calculate the remainder when 491437 is divided by 5659.
4763
What is the remainder when 330312361 is divided by 807?
805
Calculate the remainder when 47507 is divided by 22923.
1661
Calculate the remainder when 1623037 is divided by 762.
739
Calculate the remainder when 61405748 is divided by 175.
173
Calculate the remainder when 3792855 is divided by 1896424.
7
Calculate the remainder when 310031 is divided by 103318.
77
Calculate the remainder when 456907 is divided by 1070.
17
What is the remainder when 840042 is divided by 2010?
1872
Calculate the remainder when 3172600 is divided by 3172545.
55
Calculate the remainder when 465881 is divided by 232933.
15
What is the remainder when 764271 is divided by 1902?
1569
What is the remainder when 33609575 is divided by 28?
27
Calculate the remainder when 8588199 is divided by 200.
199
What is the remainder when 4268780 is divided by 884?
828
What is the remainder when 5863133 is divided by 1954227?
452
Calculate the remainder when 1009287 is divided by 267.
27
Calculate the remainder when 101752 is divided by 2260.
52
What is the remainder when 135080 is divided by 2531?
937
What is the remainder when 20202737 is divided by 6734231?
44
Calculate the remainder when 45513 is divided by 7306.
1677
What is the remainder when 679021 is divided by 269?
65
What is the remainder when 25010509 is divided by 131?
120
What is the remainder when 81813 is divided by 4062?
573
Calculate the remainder when 119813609 is divided by 468.
461
What is the remainder when 10319626 is divided by 1576?
1554
What is the remainder when 22655572 is divided by 257?
251
Calculate the remainder when 290938523 is divided by 459.
455
Calculate the remainder when 992694 is divided by 507.
495
Calculate the remainder when 21297 is divided by 3036.
45
What is the remainder when 10431610 is divided by 1736?
1722
Calculate the remainder when 1887854 is divided by 269689.
31
What is the remainder when 111487191 is divided by 26?
23
What is the remainder when 24585025 is divided by 24585017?
8
Calculate the remainder when 991312615 is divided by 886.
883
Calculate the remainder when 1146694 is divided by 9029.
11
Calculate the remainder when 2325740 is divided by 5078.
16
What is the remainder when 161151 is divided by 80342?
467
What is the remainder when 58397136 is divided by 36?
24
What is the remainder when 1185809741 is divided by 1689?
1688
What is the remainder when 113783682 is divided by 2351?
2335
Calculate the remainder when 8489926 is divided by 11.
5
Calculate the remainder when 40512 is divided by 712.
640
What is the remainder when 8051932 is divided by 106?
66
Calculate the remainder when 2067 is divided by 61.
54
What is the remainder when 366248 is divided by 8837?
3931
What is the remainder when 28161579 is divided by 3198?
3189
What is the remainder when 448680 is divided by 74482?
1788
Calculate the remainder when 3222839 is divided by 149.
118
What is the remainder when 56422176 is divided by 7052763?
72
Calculate the remainder when 2454 is divided by 1918.
536
What is the remainder when 14426581 is divided by 13420?
81
Calculate the remainder when 1598210779 is divided by 259.
256
Calculate the remainder when 19681858 is divided by 154975.
33
Calculate the remainder when 17124286 is divided by 290242.
8
What is the remainder when 16143 is divided by 540?
483
Calculate the remainder when 126452486 is divided by 53.
51
Calculate the remainder when 170268 is divided by 174.
96
Calculate the remainder when 1515484 is divided by 137771.
3
What is the remainder when 242232 is divided by 29188?
8728
Calculate the remainder when 261959784 is divided by 2577.
3
Calculate the remainder when 845949 is divided by 5255.
5149
Calculate the remainder when 42317266 is divided by 7.
5
What is the remainder when 294291 is divided by 202?
179
What is the remainder when 22822636 is divided by 5666?
5654
What is the remainder when 3090541 is divided by 15688?
5
What is the remainder when 52826 is divided by 1920?
986
What is the remainder when 53554 is divided by 52681?
873
What is the remainder when 284785 is divided by 7491?
127
Calculate the remainder when 10692662 is divided by 482.
456
What is the remainder when 31669462 is divided by 3958681?
14
What is the remainder when 27929 is divided by 53?
51
What is the remainder when 44667 is divided by 3565?
1887
Calculate the remainder when 1946505 is divided by 114465.
600
Calculate the remainder when 7793268 is divided by 61.
30
Calculate the remainder when 659745 is divided by 94247.
16
What is the remainder when 1929163 is divided by 434?
33
What is the remainder when 49608556 is divided by 2982?
4
Calculate the remainder when 149392 is divided by 74433.
526
Calculate the remainder when 5526 is divided by 1365.
66
What is the remainder when 91602 is divided by 111?
27
What is the remainder when 1375928711 is divided by 72?
71
What is the remainder when 1742864 is divided by 871432?
0
Calculate the remainder when 401658 is divided by 20077.
118
What is the remainder when 82966 is divided by 1950?
1066
Calculate the remainder when 132868882 is divided by 6391.
6383
Calculate the remainder when 1616242 is divided by 75.
67
What is the remainder when 1524797 is divided by 10?
7
What is the remainder when 3985640 is divided by 1762?
1758
What is the remainder when 7326212 is divided by 915772?
36
Calculate the remainder when 33163 is divided by 313.
298
Calculate the remainder when 331367 is divided by 1412.
959
Calculate the remainder when 560209 is divided by 62240.
49
Calculate the remainder when 1977950 is divided by 22224.
14
What is the remainder when 524136 is divided by 1194?
1164
Calculate the remainder when 79925 is divided by 293.
229
Calculate the remainder when 850717 is divided by 50040.
37
What is the remainder when 172115 is divided by 172086?
29
Calculate the remainder when 36473 is divided by 3772.
2525
What is the remainder when 458717 is divided by 12742?
5
Calculate the remainder when 27820 is divided by 107.
0
What is the remainder when 572704 is divided by 286159?
386
Calculate the remainder when 17886 is divided by 5138.
2472
Calculate the remainder when 25800 is divided by 641.
160
Calculate the remainder when 9181401 is divided by 1922.
7
What is the remainder when 19093483 is divided by 9546669?
145
Calculate the remainder when 404085 is divided by 5460.
45
What is the remainder when 750105 is divided by 1708?
293
Calculate the remainder when 4747196 is divided by 800.
796
Calculate the remainder when 354743 is divided by 111.
98
Calculate the remainder when 170499 is divided by 1015.
994
Calculate the remainder when 60450421 is divided by 20150058.
247
Calculate the remainder when 5163211 is divided by 45.
1
Calculate the remainder when 342712 is divided by 1732.
1508
What is the remainder when 1086058 is divided by 49365?
28
What is the remainder when 611318 is divided by 922?
32
What is the remainder when 43476 is divided by 2784?
1716
What is the remainder when 59382 is divided by 2199?
9
Calculate the remainder when 37022521 is divided by 6238.
6229
Calculate the remainder when 611544 is divided by 122307.
9
What is the remainder when 103356 is divided by 21?
15
Calculate the remaind